6?
5
What is the tens digit of 240996?
9
What is the hundreds digit of 6533?
5
What is the tens digit of 815196?
9
What is the ten thousands digit of 99520?
9
What is the ten millions digit of 15127947?
1
What is the hundreds digit of 262108?
1
What is the hundred thousands digit of 2410194?
4
What is the thousands digit of 54779?
4
What is the ten thousands digit of 3380583?
8
What is the hundred thousands digit of 475261?
4
What is the units digit of 300219?
9
What is the tens digit of 312134?
3
What is the units digit of 411269?
9
What is the millions digit of 13372418?
3
What is the units digit of 5331372?
2
What is the ten thousands digit of 865563?
6
What is the thousands digit of 370488?
0
What is the thousands digit of 121121?
1
What is the ten thousands digit of 24202158?
0
What is the millions digit of 2518307?
2
What is the hundreds digit of 1026291?
2
What is the hundred thousands digit of 102952?
1
What is the tens digit of 256048?
4
What is the tens digit of 96316?
1
What is the thousands digit of 1870146?
0
What is the hundred thousands digit of 265005?
2
What is the thousands digit of 3953246?
3
What is the tens digit of 3365977?
7
What is the ten thousands digit of 31105?
3
What is the tens digit of 171110?
1
What is the units digit of 1017243?
3
What is the hundred thousands digit of 975154?
9
What is the thousands digit of 25676428?
6
What is the hundreds digit of 313480?
4
What is the hundred thousands digit of 268336?
2
What is the thousands digit of 4857151?
7
What is the hundred thousands digit of 632039?
6
What is the thousands digit of 633400?
3
What is the ten thousands digit of 7690704?
9
What is the hundred thousands digit of 148389?
1
What is the tens digit of 354289?
8
What is the hundreds digit of 2526545?
5
What is the thousands digit of 13560667?
0
What is the hundred thousands digit of 1812889?
8
What is the hundreds digit of 501706?
7
What is the units digit of 2309617?
7
What is the tens digit of 4480470?
7
What is the thousands digit of 1347843?
7
What is the thousands digit of 4108805?
8
What is the units digit of 1423526?
6
What is the units digit of 10216909?
9
What is the units digit of 1159381?
1
What is the millions digit of 2182221?
2
What is the hundred thousands digit of 450209?
4
What is the thousands digit of 5595961?
5
What is the millions digit of 1855698?
1
What is the units digit of 1959402?
2
What is the tens digit of 1138272?
7
What is the ten thousands digit of 720953?
2
What is the thousands digit of 773797?
3
What is the ten thousands digit of 233340?
3
What is the millions digit of 3774610?
3
What is the tens digit of 2811711?
1
What is the hundreds digit of 154482?
4
What is the ten thousands digit of 171849?
7
What is the hundred thousands digit of 23160512?
1
What is the units digit of 267678?
8
What is the hundred thousands digit of 120956?
1
What is the millions digit of 4372234?
4
What is the units digit of 2498406?
6
What is the units digit of 908818?
8
What is the millions digit of 1722640?
1
What is the tens digit of 700361?
6
What is the ten thousands digit of 1011547?
1
What is the hundreds digit of 117332?
3
What is the tens digit of 860771?
7
What is the thousands digit of 700043?
0
What is the ten thousands digit of 284404?
8
What is the thousands digit of 7334229?
4
What is the ten thousands digit of 8035861?
3
What is the hundred thousands digit of 780825?
7
What is the thousands digit of 3920858?
0
What is the millions digit of 12982160?
2
What is the tens digit of 29480?
8
What is the hundreds digit of 127436?
4
What is the ten thousands digit of 12940682?
4
What is the hundred thousands digit of 4548504?
5
What is the hundreds digit of 1667921?
9
What is the tens digit of 580168?
6
What is the units digit of 4145927?
7
What is the hundred thousands digit of 21513202?
5
What is the thousands digit of 78817?
8
What is the hundreds digit of 386405?
4
What is the hundreds digit of 279907?
9
What is the ten millions digit of 11570752?
1
What is the units digit of 2856817?
7
What is the hundred thousands digit of 902208?
9
What is the hundreds digit of 191484?
4
What is the thousands digit of 12575695?
5
What is the tens digit of 77556?
5
What is the ten thousands digit of 4063146?
6
What is the units digit of 4657609?
9
What is the ten thousands digit of 22349148?
4
What is the units digit of 80085?
5
What is the units digit of 6450017?
7
What is the hundred thousands digit of 2269758?
2
What is the hundred thousands digit of 7473007?
4
What is the hundred thousands digit of 4381368?
3
What is the thousands digit of 10595325?
5
What is the ten thousands digit of 11046385?
4
What is the hundred thousands digit of 198225?
1
What is the units digit of 53120?
0
What is the tens digit of 13654121?
2
What is the units digit of 472935?
5
What is the tens digit of 2597161?
6
What is the hundreds digit of 14085139?
1
What is the tens digit of 2779142?
4
What is the ten thousands digit of 166320?
6
What is the hundreds digit of 11053?
0
What is the ten thousands digit of 18099906?
9
What is the hundred thousands digit of 148939?
1
What is the ten thousands digit of 340915?
4
What is the hundred thousands digit of 4308946?
3
What is the hundreds digit of 168234?
2
What is the millions digit of 3722636?
3
What is the units digit of 662763?
3
What is the millions digit of 1031126?
1
What is the hundred thousands digit of 382855?
3
What is the hundreds digit of 66101?
1
What is the ten thousands digit of 2409902?
0
What is the ten thousands digit of 6741193?
4
What is the units digit of 4298396?
6
What is the hundreds digit of 3626827?
8
What is the hundred thousands digit of 642910?
6
What is the ten thousands digit of 195503?
9
What is the millions digit of 1215171?
1
What is the hundreds digit of 159466?
4
What is the units digit of 10942679?
9
What is the units digit of 347068?
8
What is the units digit of 3216405?
5
What is the units digit of 2829046?
6
What is the tens digit of 101210?
1
What is the units digit of 671196?
6
What is the hundreds digit of 29396234?
2
What is the hundreds digit of 15228561?
5
What is the thousands digit of 15482862?
2
What is the hundreds digit of 645944?
9
What is the ten thousands digit of 150866?
5
What is the millions digit of 1747490?
1
What is the units digit of 639066?
6
What is the tens digit of 7997715?
1
What is the tens digit of 263727?
2
What is the hundred thousands digit of 251234?
2
What is the thousands digit of 287807?
7
What is the ten thousands digit of 458024?
5
What is the thousands digit of 390448?
0
What is the hundreds digit of 184736?
7
What is the thousands digit of 1193277?
3
What is the units digit of 6762381?
1
What is the units digit of 6374900?
0
What is the hundreds digit of 73352?
3
What is the millions digit of 13975768?
3
What is the hundred thousands digit of 414856?
4
What is the units digit of 1824939?
9
What is the hundreds digit of 9558897?
8
What is the thousands digit of 1409540?
9
What is the tens digit of 1692277?
7
What is the ten thousands digit of 3336558?
3
What is the hundreds digit of 679505?
5
What is the units digit of 30046?
6
What is the thousands digit of 901495?
1
What is the hundred thousands digit of 8028244?
0
What is the hundred thousands digit of 1860378?
8
What is the hundred thousands digit of 146085?
1
What is the thousands digit of 370961?
0
What is the thousands digit of 1690452?
0
What is the units digit of 83394?
4
What is the thousands digit of 1572061?
2
What is the thousands digit of 704870?
4
What is the thousands digit of 13928842?
8
What is the hundreds digit of 7194559?
5
What is the hundreds digit of 640779?
7
What is the ten thousands digit of 6724834?
2
What is the tens digit of 16832300?
0
What is the hundreds digit of 280874?
8
What is the hundred thousands digit of 178835?
1
What is the millions digit of 4149745?
4
What is the ten thousands digit of 4925721?
2
What is the thousands digit of 167948?
7
What is the tens digit of 2432811?
1
What is the tens digit of 261519?
1
What is the hundred thousands digit of 237919?
2
What is the tens digit of 1403360?
6
What is the units digit of 12723083?
3
What is the ten thousands digit of 155187?
5
What is the millions digit 